{"id":1265,"date":"2019-02-26T22:54:36","date_gmt":"2019-02-27T01:54:36","guid":{"rendered":"https:\/\/isp4lt-sfe.infd.edu.ar\/sitio\/?page_id=1265"},"modified":"2019-06-04T14:25:33","modified_gmt":"2019-06-04T17:25:33","slug":"1-jornada-pedagogica-del-norte-santafesino","status":"publish","type":"page","link":"https:\/\/isp4lt-sfe.infd.edu.ar\/sitio\/1-jornada-pedagogica-del-norte-santafesino\/","title":{"rendered":"1\u00b0 Jornada Pedag\u00f3gica del Norte Santafesino"},"content":{"rendered":"<p><img decoding=\"async\" loading=\"lazy\" class=\"size-full wp-image-1266 alignright\" src=\"https:\/\/isp4lt-sfe.infd.edu.ar\/sitio\/wp-content\/uploads\/2019\/02\/congreso2019cuadrado-e1551231621539.png\" alt=\"\" width=\"365\" height=\"501\" \/><\/p>\n<h1>1\u00b0 Jornada Pedag\u00f3gica del Norte Santafesino<\/h1>\n<h3><span style=\"color: #ff6600;\"><u>Destinatarios<\/u>:<\/span><\/h3>\n<ul>\n<li>Estudiantes y docentes de la instituci\u00f3n organizadora.<\/li>\n<li>Docentes de instituciones de nivel inicial, primario y secundario.<\/li>\n<li>Estudiantes y docentes de Institutos de Educaci\u00f3n Superior de la regi\u00f3n.<\/li>\n<li>Profesionales de \u00e1reas afines: psic\u00f3logos, psicopedagogos asistentes sociales, docentes de educaci\u00f3n especial.<\/li>\n<\/ul>\n<h3><span style=\"color: #ff6600;\"><u>Modalidades de trabajo: <\/u><\/span><\/h3>\n<ul>\n<li>Conferencias a cargo de especialistas\u00a0 (Profesor Daniel Braislovky)<\/li>\n<li>Talleres<\/li>\n<li>Stands (alumnos y docentes del ISP N\u00b0 63 presentar\u00e1n producciones acordes a la tem\u00e1tica de la Jornada).<\/li>\n<\/ul>\n<h3><span style=\"color: #ff6600;\"><u>Programa:<\/u><\/span><\/h3>\n<table>\n<tbody>\n<tr>\n<td width=\"92\"><u>9.00 hs<\/u><\/td>\n<td width=\"192\">Acreditaci\u00f3n<\/td>\n<td width=\"192\"><u>\u00a0<\/u><\/td>\n<\/tr>\n<tr>\n<td width=\"92\"><u>9.30 hs<\/u><\/td>\n<td width=\"192\"><u>Conferencia <\/u>a cargo de Daniel Brailovsky<\/td>\n<td width=\"192\"><u>\u00a0<\/u><\/td>\n<\/tr>\n<tr>\n<td width=\"92\"><u>10.45 hs<\/u><\/td>\n<td width=\"192\"><u>Break <\/u><\/td>\n<td width=\"192\"><u>\u00a0<\/u><\/td>\n<\/tr>\n<tr>\n<td width=\"92\"><u>11.00 hs<\/u><\/td>\n<td width=\"192\"><u>Conferencia: <\/u>Dale la vuelta a tu clase! Aprendizaje invertido<\/td>\n<td width=\"192\">Grupo de Innovaci\u00f3n y Desarrollo Curricular de Misiones<\/td>\n<\/tr>\n<tr>\n<td width=\"92\"><u>12.30 hs<\/u><\/td>\n<td width=\"192\">Almuerzo<\/td>\n<td width=\"192\"><u>\u00a0<\/u><\/td>\n<\/tr>\n<tr>\n<td width=\"92\"><u>13.30 hs<\/u><\/td>\n<td width=\"192\">Taller sobre aprendizaje invertido<\/td>\n<td width=\"192\"><u>(nivel primario y secundario)<\/u><\/td>\n<\/tr>\n<tr>\n<td width=\"92\"><u>15.30 hs<\/u><\/td>\n<td width=\"192\">Cierre y entrega de certificados<\/td>\n<td width=\"192\"><u>\u00a0<\/u><\/td>\n<\/tr>\n<\/tbody>\n<\/table>\n<h3><span style=\"color: #ff6600;\"><u>Certificaci\u00f3n<\/u><\/span><\/h3>\n<p>La certificaci\u00f3n otorgada ser\u00e1 emitida en el marco del Decreto N\u00b0 3029\/12 del Ministerio de Educaci\u00f3n de la Provincia de Santa Fe, pues entendemos que un aspecto que tambi\u00e9n reviste importancia en el desempe\u00f1o del docente es la valoraci\u00f3n de sus antecedentes los cuales jerarquizan su tarea.<\/p>\n<h3><span style=\"color: #ff6600;\"><u>Costos de la Jornada:<\/u><\/span><\/h3>\n<ul>\n<li>Hasta el 8 de mayo de 2019: $ 300.-<\/li>\n<li>Hasta el 7 de junio de 2019: $ 400.-<\/li>\n<li>El d\u00eda de la jornada: $ 500.-<\/li>\n<\/ul>\n<p><u>Se podr\u00e1 abonar a los profesores habilitados en las distintas localidades:<\/u><\/p>\n<div><b>FLORENCIA<\/b>:\u00a0 Prof Cristina Orrego\u00a0<a href=\"tel:+543482632748\">3482-632748<\/a><\/div>\n<div><b>VILLA GUILLERMINA:\u00a0<\/b>Prof Sergio Baud\u00edn\u00a0<a href=\"tel:+543482507297\">3482- 507297<\/a><\/div>\n<div><b>SAN ANTONIO DE OBLIGADO:\u00a0<\/b>Prof Laura Honorat\u00a0<a href=\"tel:+543482664696\">3482-664696<\/a><\/div>\n<div><b>VILLA OCAMPO:\u00a0<\/b>Prof Cristian Marega\u00a0<a href=\"tel:+543482587389\">3482-587389<\/a><\/div>\n<div><b>RECONQUISTA Y AVELLANEDA:\u00a0<\/b>Prof Joana Faccioli\u00a0<a href=\"tel:+543482300875\">3482-300875<\/a><\/div>\n<div><b>LAS TOSCAS:\u00a0<\/b>ISP 63, Profesores Angeles Da Silva y Alcides Musin<\/div>\n<h3><\/h3>\n<h3><span style=\"color: #ff6600;\"><u>Sede de la Jornada:<\/u><\/span><\/h3>\n<p>Club Social Las Toscas<\/p>\n<p>Calle 19 y 10. Las Toscas, Santa Fe CP 3586<\/p>\n<p>Tel\u00e9fono: 03482-492041<\/p>\n<h3><span style=\"color: #ff6600;\"><u>Informes e inscripciones:<\/u><\/span><\/h3>\n<p>La inscripci\u00f3n podr\u00e1 realizarse haciendo <a href=\"https:\/\/goo.gl\/forms\/Yrotg7PIDKcgq2Wi1\">Clic\u00a0 Aqu\u00ed\u00a0<\/a><\/p>\n<p>Inscripci\u00f3n al Taller Did\u00e1ctica \u00abEnse\u00f1ar Matem\u00e1tica en la escuela primaria usando la estrategia del Ajedrez \u00ab:\u00a0<a href=\"https:\/\/forms.gle\/H21w4YctJbnaaiD76\">Clic Aqu\u00ed<\/a><br \/>\n<span style=\"display: inline !important; float: none; background-color: transparent; color: #333333; cursor: text; font-family: Georgia,'Times New Roman','Bitstream Charter',Times,serif; font-size: 16px; font-style: normal; font-variant: normal; font-weight: 400; letter-spacing: normal; orphans: 2; text-align: left; text-decoration: none; text-indent: 0px; text-transform: none; -webkit-text-stroke-width: 0px; white-space: normal; word-spacing: 0px;\">Horario\u00a0 Taller: 14 a 18hs<\/span><\/p>\n<p>Consultas al Tel\u00e9fono: 03482- 492041 (de lunes a viernes, de 18.00 a 21.00 horas) o al mail \u00a0<a href=\"mailto:jornadapedagogica63@gmail.com\">jornadapedagogica63@gmail.com<\/a>.<\/p>\n","protected":false},"excerpt":{"rendered":"<p>1\u00b0 Jornada Pedag\u00f3gica del Norte Santafesino Destinatarios: Estudiantes y docentes de la instituci\u00f3n organizadora. Docentes de instituciones de nivel inicial, primario y secundario. Estudiantes y docentes de Institutos de Educaci\u00f3n Superior de la regi\u00f3n. Profesionales de \u00e1reas afines: psic\u00f3logos, psicopedagogos asistentes sociales, docentes de educaci\u00f3n especial. Modalidades de trabajo: Conferencias a cargo de especialistas\u00a0 (Profesor &#8230; <a title=\"1\u00b0 Jornada Pedag\u00f3gica del Norte Santafesino\" class=\"read-more\" href=\"https:\/\/isp4lt-sfe.infd.edu.ar\/sitio\/1-jornada-pedagogica-del-norte-santafesino\/\" aria-label=\"More on 1\u00b0 Jornada Pedag\u00f3gica del Norte Santafesino\">[+]<\/a><\/p>\n","protected":false},"author":33,"featured_media":0,"parent":0,"menu_order":0,"comment_status":"closed","ping_status":"closed","template":"","meta":[],"acf":[],"_links":{"self":[{"href":"https:\/\/isp4lt-sfe.infd.edu.ar\/sitio\/wp-json\/wp\/v2\/pages\/1265"}],"collection":[{"href":"https:\/\/isp4lt-sfe.infd.edu.ar\/sitio\/wp-json\/wp\/v2\/pages"}],"about":[{"href":"https:\/\/isp4lt-sfe.infd.edu.ar\/sitio\/wp-json\/wp\/v2\/types\/page"}],"author":[{"embeddable":true,"href":"https:\/\/isp4lt-sfe.infd.edu.ar\/sitio\/wp-json\/wp\/v2\/users\/33"}],"replies":[{"embeddable":true,"href":"https:\/\/isp4lt-sfe.infd.edu.ar\/sitio\/wp-json\/wp\/v2\/comments?post=1265"}],"version-history":[{"count":19,"href":"https:\/\/isp4lt-sfe.infd.edu.ar\/sitio\/wp-json\/wp\/v2\/pages\/1265\/revisions"}],"predecessor-version":[{"id":1558,"href":"https:\/\/isp4lt-sfe.infd.edu.ar\/sitio\/wp-json\/wp\/v2\/pages\/1265\/revisions\/1558"}],"wp:attachment":[{"href":"https:\/\/isp4lt-sfe.infd.edu.ar\/sitio\/wp-json\/wp\/v2\/media?parent=1265"}],"curies":[{"name":"wp","href":"https:\/\/api.w.org\/{rel}","templated":true}]}}