{"id":1291,"date":"2019-03-01T12:09:47","date_gmt":"2019-03-01T15:09:47","guid":{"rendered":"https:\/\/isp4lt-sfe.infd.edu.ar\/sitio\/?page_id=1291"},"modified":"2026-02-14T15:42:26","modified_gmt":"2026-02-14T18:42:26","slug":"regimen-de-correlatividades-2","status":"publish","type":"page","link":"https:\/\/isp4lt-sfe.infd.edu.ar\/sitio\/regimen-de-correlatividades-2\/","title":{"rendered":""},"content":{"rendered":"<h1>R\u00e9gimen de correlatividades<\/h1>\n<p>Campo de la Formaci\u00f3n General y Campo de la Formaci\u00f3n Espec\u00edfica:<br \/>\n<strong>Para poder rendir<\/strong> las unidades curriculares se\u00f1aladas a continuaci\u00f3n, deber\u00e1n tener aprobada la correlativa establecida.<\/p>\n<p><img decoding=\"async\" loading=\"lazy\" class=\"alignnone wp-image-1293 \" src=\"https:\/\/isp4lt-sfe.infd.edu.ar\/sitio\/wp-content\/uploads\/2019\/03\/CORRELATIVAS.png\" alt=\"\" width=\"635\" height=\"532\" \/><\/p>\n<p>Campo de la Pr\u00e1ctica Profesional:<br \/>\n<strong>Para poder cursar<\/strong> los Talleres de la Pr\u00e1ctica II, III y IV, deber\u00e1n cumplir con las correlatividades<br \/>\nestablecidas a continuaci\u00f3n.<br \/>\n<img decoding=\"async\" loading=\"lazy\" class=\"alignnone wp-image-1292 size-full\" src=\"https:\/\/isp4lt-sfe.infd.edu.ar\/sitio\/wp-content\/uploads\/2019\/03\/CORRELATIVAS2.png\" alt=\"\" width=\"633\" height=\"599\" \/><\/p>\n","protected":false},"excerpt":{"rendered":"<p>R\u00e9gimen de correlatividades Campo de la Formaci\u00f3n General y Campo de la Formaci\u00f3n Espec\u00edfica: Para poder rendir las unidades curriculares se\u00f1aladas a continuaci\u00f3n, deber\u00e1n tener aprobada la correlativa establecida. Campo de la Pr\u00e1ctica Profesional: Para poder cursar los Talleres de la Pr\u00e1ctica II, III y IV, deber\u00e1n cumplir con las correlatividades establecidas a continuaci\u00f3n.<\/p>\n","protected":false},"author":33,"featured_media":0,"parent":0,"menu_order":0,"comment_status":"closed","ping_status":"closed","template":"","meta":[],"acf":[],"_links":{"self":[{"href":"https:\/\/isp4lt-sfe.infd.edu.ar\/sitio\/wp-json\/wp\/v2\/pages\/1291"}],"collection":[{"href":"https:\/\/isp4lt-sfe.infd.edu.ar\/sitio\/wp-json\/wp\/v2\/pages"}],"about":[{"href":"https:\/\/isp4lt-sfe.infd.edu.ar\/sitio\/wp-json\/wp\/v2\/types\/page"}],"author":[{"embeddable":true,"href":"https:\/\/isp4lt-sfe.infd.edu.ar\/sitio\/wp-json\/wp\/v2\/users\/33"}],"replies":[{"embeddable":true,"href":"https:\/\/isp4lt-sfe.infd.edu.ar\/sitio\/wp-json\/wp\/v2\/comments?post=1291"}],"version-history":[{"count":4,"href":"https:\/\/isp4lt-sfe.infd.edu.ar\/sitio\/wp-json\/wp\/v2\/pages\/1291\/revisions"}],"predecessor-version":[{"id":3515,"href":"https:\/\/isp4lt-sfe.infd.edu.ar\/sitio\/wp-json\/wp\/v2\/pages\/1291\/revisions\/3515"}],"wp:attachment":[{"href":"https:\/\/isp4lt-sfe.infd.edu.ar\/sitio\/wp-json\/wp\/v2\/media?parent=1291"}],"curies":[{"name":"wp","href":"https:\/\/api.w.org\/{rel}","templated":true}]}}