{"id":1323,"date":"2019-03-06T14:27:49","date_gmt":"2019-03-06T17:27:49","guid":{"rendered":"https:\/\/isp4lt-sfe.infd.edu.ar\/sitio\/?page_id=1323"},"modified":"2025-03-08T08:14:22","modified_gmt":"2025-03-08T11:14:22","slug":"tecnicaturaswdatos","status":"publish","type":"page","link":"https:\/\/isp4lt-sfe.infd.edu.ar\/sitio\/tecnicaturaswdatos\/","title":{"rendered":"Tecnicatura Superior en Desarrollo de Software"},"content":{"rendered":"<h1>Conociendo la carrera Tecnicatura Superior en Desarrollo de Software<\/h1>\n<p><img decoding=\"async\" loading=\"lazy\" class=\"size-full wp-image-1373 alignleft\" src=\"https:\/\/isp4lt-sfe.infd.edu.ar\/sitio\/wp-content\/uploads\/2019\/03\/logotecnicaturaSWrecortada.jpg\" alt=\"\" width=\"25%\" height=\"25%\"><\/p>\n<ul>\n<li>Sector de actividad socio productiva: <strong>Inform\u00e1tica.<\/strong><\/li>\n<li>Denominaci\u00f3n del perfil profesional: <strong>Desarrollador de Software<\/strong><\/li>\n<li>Familia profesional: Inform\u00e1tica.<\/li>\n<li>Nivel y \u00e1mbito de la trayectoria formativa: Nivel Superior de la modalidad de Educaci\u00f3n T\u00e9cnico Profesional.<\/li>\n<li>T\u00edtulo a otorgar: <strong>T\u00e9cnico Superior en Desarrollo de Software.<\/strong><\/li>\n<li>Duraci\u00f3n de la carrera en a\u00f1os acad\u00e9micos: <strong>3 (tres) a\u00f1os.<\/strong><\/li>\n<li>Condiciones de ingreso: Estudios Secundarios Completos.<\/li>\n<li>Modalidad de cursado: Presencial.<\/li>\n<\/ul>\n<p><blockquote class=\"wp-embedded-content\" data-secret=\"rEv7LUZ5F1\"><a href=\"https:\/\/isp4lt-sfe.infd.edu.ar\/sitio\/nueva-tecnicatura-informatica-en-2017\/\">Perfil y \u00c1rea Ocupacional &#8211;  Tecnicatura Superior en Desarrollo de Software<\/a><\/blockquote><iframe class=\"wp-embedded-content\" sandbox=\"allow-scripts\" security=\"restricted\" style=\"position: absolute; clip: rect(1px, 1px, 1px, 1px);\" title=\"\u00abPerfil y \u00c1rea Ocupacional &#8211;  Tecnicatura Superior en Desarrollo de Software\u00bb \u2014 Instituto Superior de Profesorado N\u00b0 63 &quot;Natalia Quess\u00fas&quot;\" src=\"https:\/\/isp4lt-sfe.infd.edu.ar\/sitio\/nueva-tecnicatura-informatica-en-2017\/embed\/#?secret=iefo273UMG#?secret=rEv7LUZ5F1\" data-secret=\"rEv7LUZ5F1\" width=\"600\" height=\"338\" frameborder=\"0\" marginwidth=\"0\" marginheight=\"0\" scrolling=\"no\"><\/iframe><\/p>\n<p><blockquote class=\"wp-embedded-content\" data-secret=\"E4AH5rxNRv\"><a href=\"https:\/\/isp4lt-sfe.infd.edu.ar\/sitio\/tecnicaturasw_planestudios\/\">Plan de Estudios &#8211;  Tecnicatura Superior en Desarrollo de Software<\/a><\/blockquote><iframe class=\"wp-embedded-content\" sandbox=\"allow-scripts\" security=\"restricted\" style=\"position: absolute; clip: rect(1px, 1px, 1px, 1px);\" title=\"\u00abPlan de Estudios &#8211;  Tecnicatura Superior en Desarrollo de Software\u00bb \u2014 Instituto Superior de Profesorado N\u00b0 63 &quot;Natalia Quess\u00fas&quot;\" src=\"https:\/\/isp4lt-sfe.infd.edu.ar\/sitio\/tecnicaturasw_planestudios\/embed\/#?secret=Nv3JY14DYx#?secret=E4AH5rxNRv\" data-secret=\"E4AH5rxNRv\" width=\"600\" height=\"338\" frameborder=\"0\" marginwidth=\"0\" marginheight=\"0\" scrolling=\"no\"><\/iframe><\/p>\n<p><a href=\"https:\/\/isp4lt-sfe.infd.edu.ar\/sitio\/wp-content\/uploads\/2019\/03\/Desarollo-de-SoftwareII.pdf\">Leer m\u00e1s<\/a><\/p>\n<p><a href=\"https:\/\/isp4lt-sfe.infd.edu.ar\/sitio\/apertura-carrera-tecnico-superior-en-desarrollo-de-software\/\">Apertura de la carrera<\/a><\/p>\n<p><a href=\"https:\/\/isp4lt-sfe.infd.edu.ar\/sitio\/tecnicaturaswregimencorrelatividades\/\">R\u00e9gimen de correlatividades<\/a><\/p>\n<p><a href=\"https:\/\/isp4lt-sfe.infd.edu.ar\/sitio\/planificaciones-tecnicatura\/\">Planificaciones<\/a><\/p>\n\n\n<div class=\"wp-block-file\"><object class=\"wp-block-file__embed\" data=\"https:\/\/isp4lt-sfe.infd.edu.ar\/sitio\/wp-content\/uploads\/2025\/03\/HORARIOS-2025-TECNICATURA.pdf\" type=\"application\/pdf\" style=\"width:100%;height:600px\" aria-label=\"Incrustado de HORARIOS 2025 TECNICATURA.\"><\/object><a id=\"wp-block-file--media-2649cd68-888b-437e-a8e0-f2d4f08fbef5\" href=\"https:\/\/isp4lt-sfe.infd.edu.ar\/sitio\/wp-content\/uploads\/2025\/03\/HORARIOS-2025-TECNICATURA.pdf\">HORARIOS 2025 TECNICATURA<\/a><a href=\"https:\/\/isp4lt-sfe.infd.edu.ar\/sitio\/wp-content\/uploads\/2025\/03\/HORARIOS-2025-TECNICATURA.pdf\" class=\"wp-block-file__button wp-element-button\" download aria-describedby=\"wp-block-file--media-2649cd68-888b-437e-a8e0-f2d4f08fbef5\">Descarga<\/a><\/div>\n","protected":false},"excerpt":{"rendered":"<p>Conociendo la carrera Tecnicatura Superior en Desarrollo de Software Sector de actividad socio productiva: Inform\u00e1tica. Denominaci\u00f3n del perfil profesional: Desarrollador de Software Familia profesional: Inform\u00e1tica. Nivel y \u00e1mbito de la trayectoria formativa: Nivel Superior de la modalidad de Educaci\u00f3n T\u00e9cnico Profesional. T\u00edtulo a otorgar: T\u00e9cnico Superior en Desarrollo de Software. Duraci\u00f3n de la carrera en &#8230; <a title=\"Tecnicatura Superior en Desarrollo de Software\" class=\"read-more\" href=\"https:\/\/isp4lt-sfe.infd.edu.ar\/sitio\/tecnicaturaswdatos\/\" aria-label=\"More on Tecnicatura Superior en Desarrollo de Software\">[+]<\/a><\/p>\n","protected":false},"author":33,"featured_media":0,"parent":0,"menu_order":0,"comment_status":"closed","ping_status":"closed","template":"","meta":[],"acf":[],"_links":{"self":[{"href":"https:\/\/isp4lt-sfe.infd.edu.ar\/sitio\/wp-json\/wp\/v2\/pages\/1323"}],"collection":[{"href":"https:\/\/isp4lt-sfe.infd.edu.ar\/sitio\/wp-json\/wp\/v2\/pages"}],"about":[{"href":"https:\/\/isp4lt-sfe.infd.edu.ar\/sitio\/wp-json\/wp\/v2\/types\/page"}],"author":[{"embeddable":true,"href":"https:\/\/isp4lt-sfe.infd.edu.ar\/sitio\/wp-json\/wp\/v2\/users\/33"}],"replies":[{"embeddable":true,"href":"https:\/\/isp4lt-sfe.infd.edu.ar\/sitio\/wp-json\/wp\/v2\/comments?post=1323"}],"version-history":[{"count":13,"href":"https:\/\/isp4lt-sfe.infd.edu.ar\/sitio\/wp-json\/wp\/v2\/pages\/1323\/revisions"}],"predecessor-version":[{"id":3399,"href":"https:\/\/isp4lt-sfe.infd.edu.ar\/sitio\/wp-json\/wp\/v2\/pages\/1323\/revisions\/3399"}],"wp:attachment":[{"href":"https:\/\/isp4lt-sfe.infd.edu.ar\/sitio\/wp-json\/wp\/v2\/media?parent=1323"}],"curies":[{"name":"wp","href":"https:\/\/api.w.org\/{rel}","templated":true}]}}