{"id":2331,"date":"2021-05-28T10:28:04","date_gmt":"2021-05-28T13:28:04","guid":{"rendered":"https:\/\/isp4lt-sfe.infd.edu.ar\/sitio\/?page_id=2331"},"modified":"2024-04-27T08:25:38","modified_gmt":"2024-04-27T11:25:38","slug":"planificaciones-profesorado-de-educacion-primaria","status":"publish","type":"page","link":"https:\/\/isp4lt-sfe.infd.edu.ar\/sitio\/planificaciones-profesorado-de-educacion-primaria\/","title":{"rendered":"Planificaciones"},"content":{"rendered":"<p><strong>Materias de primer a\u00f1o:<\/strong><\/p>\n<p><a href=\"https:\/\/isp4lt-sfe.infd.edu.ar\/sitio\/wp-content\/uploads\/2021\/05\/Planificaci\u00f3n-Problem\u00e1ticas-Contempor\u00e1neas-I-2021.pdf\">Problem\u00e1ticas Contempor\u00e1neas I 2021<\/a><\/p>\n<p><a href=\"https:\/\/isp4lt-sfe.infd.edu.ar\/sitio\/wp-content\/uploads\/2021\/05\/Planificaci\u00f3n-psicolog\u00eda-y-educaci\u00f3n-2021.pdf\">Psicolog\u00eda y educaci\u00f3n 2021<\/a><\/p>\n<p><a href=\"https:\/\/isp4lt-sfe.infd.edu.ar\/sitio\/wp-content\/uploads\/2021\/05\/Planificaci\u00f3n-Taller-de-pr\u00e1ctica-I-2021.pdf\">Taller de pr\u00e1ctica I &#8211; 2021<\/a><\/p>\n<p><a href=\"https:\/\/isp4lt-sfe.infd.edu.ar\/sitio\/wp-content\/uploads\/2023\/09\/Taller-de-Problematica-Cs.-Sociales.pdf\">Taller de Problem\u00e1tica Cs. Sociales<\/a><\/p>\n<p><a href=\"https:\/\/isp4lt-sfe.infd.edu.ar\/sitio\/wp-content\/uploads\/2023\/10\/sociologia-de-la-educacion.pdf\">sociolog\u00eda de la educaci\u00f3n<\/a><\/p>\n<p><a href=\"https:\/\/isp4lt-sfe.infd.edu.ar\/sitio\/wp-content\/uploads\/2023\/12\/Plan-anual-alfabetizacion-inicial-2023.docx.pdf\">Alfabetizaci\u00f3n inicial <\/a><\/p>\n<p><a href=\"https:\/\/isp4lt-sfe.infd.edu.ar\/sitio\/wp-content\/uploads\/2024\/04\/Planificacion-MyC-I-2024.pdf\">Planificaci\u00f3n MyC I 2024<\/a><\/p>\n<p><a href=\"https:\/\/isp4lt-sfe.infd.edu.ar\/sitio\/wp-content\/uploads\/2024\/04\/1PROGRAMA-ANALITICO-2024-2.pdf\">Taller de Ciencias Naturales para una cultura ciudadana 2024<\/a><\/p>\n<p><strong>Materias de segundo a\u00f1o:<\/strong><\/p>\n<p><a href=\"https:\/\/isp4lt-sfe.infd.edu.ar\/sitio\/wp-content\/uploads\/2021\/05\/PlanAnual2020.Primaria.MYD_.I-II.BustamanteDiana.pdf\">Matem\u00e1tica y su Did\u00e1ctica I-II<\/a><\/p>\n<p><a href=\"https:\/\/isp4lt-sfe.infd.edu.ar\/sitio\/wp-content\/uploads\/2023\/10\/conocimiento-y-educacion-.pdf\">conocimiento y educaci\u00f3n<\/a><\/p>\n<p><a href=\"https:\/\/isp4lt-sfe.infd.edu.ar\/sitio\/wp-content\/uploads\/2023\/10\/filosofia-de-la-educacion-.pdf\">filosof\u00eda de la educaci\u00f3n<\/a><\/p>\n<p><a href=\"https:\/\/isp4lt-sfe.infd.edu.ar\/sitio\/wp-content\/uploads\/2023\/10\/sujetos-de-la-educacion-primaria.pdf\">sujetos de la educaci\u00f3n primaria<\/a><\/p>\n<p><a href=\"https:\/\/isp4lt-sfe.infd.edu.ar\/sitio\/wp-content\/uploads\/2024\/04\/Planificacion-MyC-II-2024.pdf\">Planificaci\u00f3n MyC II 2024<\/a><\/p>\n<p><strong>Materias de tercer a\u00f1o:<\/strong><\/p>\n<p><a href=\"https:\/\/isp4lt-sfe.infd.edu.ar\/sitio\/wp-content\/uploads\/2021\/05\/PLANIFICACI\u00d3N-EDI-I.pdf\">Espacio de Definici\u00f3n Institucional I<\/a><\/p>\n<p><a href=\"https:\/\/isp4lt-sfe.infd.edu.ar\/sitio\/wp-content\/uploads\/2021\/05\/PLANIFICACION-EDI-II-2021.pdf\">Espacio de Definici\u00f3n Institucional II<\/a><\/p>\n<p><a href=\"https:\/\/isp4lt-sfe.infd.edu.ar\/sitio\/wp-content\/uploads\/2023\/12\/PlanAnual_Matematicay-su-didactica_3er-ano_isp63-2023.pdf\">Matem\u00e1tica y su did\u00e1ctica<\/a><\/p>\n<p><a href=\"https:\/\/isp4lt-sfe.infd.edu.ar\/sitio\/wp-content\/uploads\/2023\/12\/planificacion-Literatura-y-su-Didactica-2023.pdf\">Literatura y su Did\u00e1ctica <\/a><\/p>\n<p><strong>Materias de cuarto a\u00f1o:<\/strong><\/p>\n<p><a href=\"https:\/\/isp4lt-sfe.infd.edu.ar\/sitio\/wp-content\/uploads\/2021\/06\/ETICA-PRIM.-PLAN-2021.pdf\">\u00c9tica, trabajo docente, Derechos humanos y ciudadan\u00eda<\/a><\/p>\n<p><a href=\"https:\/\/isp4lt-sfe.infd.edu.ar\/sitio\/wp-content\/uploads\/2023\/10\/taller-de-practica-IV.pdf\">taller de pr\u00e1ctica IV<\/a><\/p>\n\n\n\n\n\n\n\n\n\n\n\n\n\n\n\n\n\n\n\n\n\n\n\n\n\n\n\n\n\n\n\n\n\n\n\n\n\n\n\n\n\n\n\n\n\n\n\n\n\n\n\n\n\n\n\n\n\n\n\n\n\n\n\n\n\n\n\n","protected":false},"excerpt":{"rendered":"<p>Materias de primer a\u00f1o: Problem\u00e1ticas Contempor\u00e1neas I 2021 Psicolog\u00eda y educaci\u00f3n 2021 Taller de pr\u00e1ctica I &#8211; 2021 Taller de Problem\u00e1tica Cs. Sociales sociolog\u00eda de la educaci\u00f3n Alfabetizaci\u00f3n inicial Planificaci\u00f3n MyC I 2024 Taller de Ciencias Naturales para una cultura ciudadana 2024 Materias de segundo a\u00f1o: Matem\u00e1tica y su Did\u00e1ctica I-II conocimiento y educaci\u00f3n filosof\u00eda &#8230; <a title=\"Planificaciones\" class=\"read-more\" href=\"https:\/\/isp4lt-sfe.infd.edu.ar\/sitio\/planificaciones-profesorado-de-educacion-primaria\/\" aria-label=\"More on Planificaciones\">[+]<\/a><\/p>\n","protected":false},"author":69,"featured_media":0,"parent":0,"menu_order":0,"comment_status":"closed","ping_status":"closed","template":"","meta":[],"acf":[],"_links":{"self":[{"href":"https:\/\/isp4lt-sfe.infd.edu.ar\/sitio\/wp-json\/wp\/v2\/pages\/2331"}],"collection":[{"href":"https:\/\/isp4lt-sfe.infd.edu.ar\/sitio\/wp-json\/wp\/v2\/pages"}],"about":[{"href":"https:\/\/isp4lt-sfe.infd.edu.ar\/sitio\/wp-json\/wp\/v2\/types\/page"}],"author":[{"embeddable":true,"href":"https:\/\/isp4lt-sfe.infd.edu.ar\/sitio\/wp-json\/wp\/v2\/users\/69"}],"replies":[{"embeddable":true,"href":"https:\/\/isp4lt-sfe.infd.edu.ar\/sitio\/wp-json\/wp\/v2\/comments?post=2331"}],"version-history":[{"count":13,"href":"https:\/\/isp4lt-sfe.infd.edu.ar\/sitio\/wp-json\/wp\/v2\/pages\/2331\/revisions"}],"predecessor-version":[{"id":3241,"href":"https:\/\/isp4lt-sfe.infd.edu.ar\/sitio\/wp-json\/wp\/v2\/pages\/2331\/revisions\/3241"}],"wp:attachment":[{"href":"https:\/\/isp4lt-sfe.infd.edu.ar\/sitio\/wp-json\/wp\/v2\/media?parent=2331"}],"curies":[{"name":"wp","href":"https:\/\/api.w.org\/{rel}","templated":true}]}}