{"id":3539,"date":"2026-02-18T10:01:14","date_gmt":"2026-02-18T13:01:14","guid":{"rendered":"https:\/\/isp4lt-sfe.infd.edu.ar\/sitio\/?page_id=3539"},"modified":"2026-02-18T10:01:18","modified_gmt":"2026-02-18T13:01:18","slug":"campo-ocupacional-3","status":"publish","type":"page","link":"https:\/\/isp4lt-sfe.infd.edu.ar\/sitio\/campo-ocupacional-3\/","title":{"rendered":"Campo Ocupacional"},"content":{"rendered":"\n<p>El t\u00e9cnico en administraci\u00f3n rural gestiona empresas agropecuarias, optimizando recursos, costos de producci\u00f3n, comercializaci\u00f3n y financiamiento. Su campo ocupacional incluye la administraci\u00f3n de establecimientos agr\u00edcolas, ganaderos y frut\u00edcolas, empresas de insumos, cooperativas, agroindustrias, asesoramiento t\u00e9cnico, asesoramiento t\u00e9cnico, emprendimientos propios y organismos p\u00fablicos del sector agroalimentario.<\/p>\n\n\n\n<p><strong>Principales \u00e1reas de desempe\u00f1o laboral:<\/strong><\/p>\n\n\n\n<ul>\n<li><strong>Empresas Agropecuarias y Agroindustriales:<\/strong>&nbsp;Administraci\u00f3n de campos, manejo productivo, control de costos, gesti\u00f3n de recursos humanos y optimizaci\u00f3n de la producci\u00f3n en granjas, viveros y frigor\u00edficos.<\/li>\n\n\n\n<li><strong>Comercializaci\u00f3n y Suministros:<\/strong>&nbsp;Venta de maquinaria agr\u00edcola, insumos (agroqu\u00edmicos, semillas, fertilizantes) y gesti\u00f3n en centros de acopio o empresas exportadoras.<\/li>\n\n\n\n<li><strong>Asesoramiento y Consultor\u00eda:<\/strong>&nbsp;Consultor\u00eda en gesti\u00f3n, evaluaci\u00f3n de inversiones, trazabilidad y planificaci\u00f3n estrat\u00e9gica para peque\u00f1os y medianos productores.<\/li>\n\n\n\n<li><strong>Sector P\u00fablico y Cooperativas:<\/strong>&nbsp;Trabajo en organismos gubernamentales de desarrollo rural, cooperativas agr\u00edcolas y ONGs.<\/li>\n\n\n\n<li><strong>Emprendimientos Propios:<\/strong>&nbsp;Gesti\u00f3n de unidades productivas sustentables, agregados de valor y servicios tecnol\u00f3gicos al campo.&nbsp;<\/li>\n<\/ul>\n","protected":false},"excerpt":{"rendered":"<p>El t\u00e9cnico en administraci\u00f3n rural gestiona empresas agropecuarias, optimizando recursos, costos de producci\u00f3n, comercializaci\u00f3n y financiamiento. Su campo ocupacional incluye la administraci\u00f3n de establecimientos agr\u00edcolas, ganaderos y frut\u00edcolas, empresas de insumos, cooperativas, agroindustrias, asesoramiento t\u00e9cnico, asesoramiento t\u00e9cnico, emprendimientos propios y organismos p\u00fablicos del sector agroalimentario. Principales \u00e1reas de desempe\u00f1o laboral:<\/p>\n","protected":false},"author":69,"featured_media":0,"parent":0,"menu_order":0,"comment_status":"closed","ping_status":"closed","template":"","meta":[],"acf":[],"_links":{"self":[{"href":"https:\/\/isp4lt-sfe.infd.edu.ar\/sitio\/wp-json\/wp\/v2\/pages\/3539"}],"collection":[{"href":"https:\/\/isp4lt-sfe.infd.edu.ar\/sitio\/wp-json\/wp\/v2\/pages"}],"about":[{"href":"https:\/\/isp4lt-sfe.infd.edu.ar\/sitio\/wp-json\/wp\/v2\/types\/page"}],"author":[{"embeddable":true,"href":"https:\/\/isp4lt-sfe.infd.edu.ar\/sitio\/wp-json\/wp\/v2\/users\/69"}],"replies":[{"embeddable":true,"href":"https:\/\/isp4lt-sfe.infd.edu.ar\/sitio\/wp-json\/wp\/v2\/comments?post=3539"}],"version-history":[{"count":1,"href":"https:\/\/isp4lt-sfe.infd.edu.ar\/sitio\/wp-json\/wp\/v2\/pages\/3539\/revisions"}],"predecessor-version":[{"id":3540,"href":"https:\/\/isp4lt-sfe.infd.edu.ar\/sitio\/wp-json\/wp\/v2\/pages\/3539\/revisions\/3540"}],"wp:attachment":[{"href":"https:\/\/isp4lt-sfe.infd.edu.ar\/sitio\/wp-json\/wp\/v2\/media?parent=3539"}],"curies":[{"name":"wp","href":"https:\/\/api.w.org\/{rel}","templated":true}]}}